{"id":24,"date":"2024-02-16T10:12:32","date_gmt":"2024-02-16T10:12:32","guid":{"rendered":"https:\/\/fixturbowp.wowtheme7.com\/?page_id=24"},"modified":"2025-10-28T17:45:27","modified_gmt":"2025-10-28T17:45:27","slug":"contact","status":"publish","type":"page","link":"https:\/\/efclassoto.com\/?page_id=24","title":{"rendered":"\u0130leti\u015fim"},"content":{"rendered":"\t\t<div data-elementor-type=\"wp-page\" data-elementor-id=\"24\" class=\"elementor elementor-24\">\n\t\t\t\t<div class=\"elementor-element elementor-element-b3b15c4 e-flex e-con-boxed e-con e-parent\" data-id=\"b3b15c4\" data-element_type=\"container\">\n\t\t\t\t\t<div class=\"e-con-inner\">\n\t\t<div class=\"elementor-element elementor-element-e9cb44e e-con-full e-flex e-con e-child\" data-id=\"e9cb44e\" data-element_type=\"container\">\n\t\t\t\t<div class=\"elementor-element elementor-element-f7ae929 elementor-widget elementor-widget-fixturbo-contact-widget\" data-id=\"f7ae929\" data-element_type=\"widget\" data-widget_type=\"fixturbo-contact-widget.default\">\n\t\t\t\t<div class=\"elementor-widget-container\">\n\t\t\t\t\t\n        <div class=\"contact-info\">\n            <div class=\"contact-info_icon\">\n                <svg aria-hidden=\"true\" class=\"e-font-icon-svg e-fas-map-marker-alt\" viewBox=\"0 0 384 512\" xmlns=\"http:\/\/www.w3.org\/2000\/svg\"><path d=\"M172.268 501.67C26.97 291.031 0 269.413 0 192 0 85.961 85.961 0 192 0s192 85.961 192 192c0 77.413-26.97 99.031-172.268 309.67-9.535 13.774-29.93 13.773-39.464 0zM192 272c44.183 0 80-35.817 80-80s-35.817-80-80-80-80 35.817-80 80 35.817 80 80 80z\"><\/path><\/svg>            <\/div>\n            <h6 class=\"contact-info_title\">Adres<\/h6>\n            <p class=\"contact-info_text\">Bah\u00e7elievler Mah. Sanayi Sitesi No : 11\/2 Gerede \/ Bolu<\/p>\n            <p class=\"contact-info_text\"><\/p>\n        <\/div>\n        \n        \t\t\t\t<\/div>\n\t\t\t\t<\/div>\n\t\t\t\t<\/div>\n\t\t<div class=\"elementor-element elementor-element-cc6e412 e-con-full e-flex e-con e-child\" data-id=\"cc6e412\" data-element_type=\"container\">\n\t\t\t\t<div class=\"elementor-element elementor-element-dbc8e47 elementor-widget elementor-widget-fixturbo-contact-widget\" data-id=\"dbc8e47\" data-element_type=\"widget\" data-widget_type=\"fixturbo-contact-widget.default\">\n\t\t\t\t<div class=\"elementor-widget-container\">\n\t\t\t\t\t\n        <div class=\"contact-info\">\n            <div class=\"contact-info_icon\">\n                <svg aria-hidden=\"true\" class=\"e-font-icon-svg e-fas-phone-alt\" viewBox=\"0 0 512 512\" xmlns=\"http:\/\/www.w3.org\/2000\/svg\"><path d=\"M497.39 361.8l-112-48a24 24 0 0 0-28 6.9l-49.6 60.6A370.66 370.66 0 0 1 130.6 204.11l60.6-49.6a23.94 23.94 0 0 0 6.9-28l-48-112A24.16 24.16 0 0 0 122.6.61l-104 24A24 24 0 0 0 0 48c0 256.5 207.9 464 464 464a24 24 0 0 0 23.4-18.6l24-104a24.29 24.29 0 0 0-14.01-27.6z\"><\/path><\/svg>            <\/div>\n            <h6 class=\"contact-info_title\">Telefon<\/h6>\n            <p class=\"contact-info_text\">(+90) 543 919 67 36<\/p>\n            <p class=\"contact-info_text\">(+90) 543 919 67 36<\/p>\n        <\/div>\n        \n        \t\t\t\t<\/div>\n\t\t\t\t<\/div>\n\t\t\t\t<\/div>\n\t\t<div class=\"elementor-element elementor-element-76e31ea e-con-full e-flex e-con e-child\" data-id=\"76e31ea\" data-element_type=\"container\">\n\t\t\t\t<div class=\"elementor-element elementor-element-d983445 elementor-widget elementor-widget-fixturbo-contact-widget\" data-id=\"d983445\" data-element_type=\"widget\" data-widget_type=\"fixturbo-contact-widget.default\">\n\t\t\t\t<div class=\"elementor-widget-container\">\n\t\t\t\t\t\n        <div class=\"contact-info\">\n            <div class=\"contact-info_icon\">\n                <svg aria-hidden=\"true\" class=\"e-font-icon-svg e-fas-clock\" viewBox=\"0 0 512 512\" xmlns=\"http:\/\/www.w3.org\/2000\/svg\"><path d=\"M256,8C119,8,8,119,8,256S119,504,256,504,504,393,504,256,393,8,256,8Zm92.49,313h0l-20,25a16,16,0,0,1-22.49,2.5h0l-67-49.72a40,40,0,0,1-15-31.23V112a16,16,0,0,1,16-16h32a16,16,0,0,1,16,16V256l58,42.5A16,16,0,0,1,348.49,321Z\"><\/path><\/svg>            <\/div>\n            <h6 class=\"contact-info_title\">\u00c7al\u0131\u015fma Saatleri<\/h6>\n            <p class=\"contact-info_text\">08:00 - 22:00 Aras\u0131\n\n<\/p>\n            <p class=\"contact-info_text\">7\/24 Yol Yard\u0131m\u0131<\/p>\n        <\/div>\n        \n        \t\t\t\t<\/div>\n\t\t\t\t<\/div>\n\t\t\t\t<\/div>\n\t\t<div class=\"elementor-element elementor-element-8a70286 e-con-full e-flex e-con e-child\" data-id=\"8a70286\" data-element_type=\"container\">\n\t\t\t\t<div class=\"elementor-element elementor-element-75af12d elementor-widget elementor-widget-fixturbo-contact-widget\" data-id=\"75af12d\" data-element_type=\"widget\" data-widget_type=\"fixturbo-contact-widget.default\">\n\t\t\t\t<div class=\"elementor-widget-container\">\n\t\t\t\t\t\n        <div class=\"contact-info\">\n            <div class=\"contact-info_icon\">\n                <svg aria-hidden=\"true\" class=\"e-font-icon-svg e-fas-envelope\" viewBox=\"0 0 512 512\" xmlns=\"http:\/\/www.w3.org\/2000\/svg\"><path d=\"M502.3 190.8c3.9-3.1 9.7-.2 9.7 4.7V400c0 26.5-21.5 48-48 48H48c-26.5 0-48-21.5-48-48V195.6c0-5 5.7-7.8 9.7-4.7 22.4 17.4 52.1 39.5 154.1 113.6 21.1 15.4 56.7 47.8 92.2 47.6 35.7.3 72-32.8 92.3-47.6 102-74.1 131.6-96.3 154-113.7zM256 320c23.2.4 56.6-29.2 73.4-41.4 132.7-96.3 142.8-104.7 173.4-128.7 5.8-4.5 9.2-11.5 9.2-18.9v-19c0-26.5-21.5-48-48-48H48C21.5 64 0 85.5 0 112v19c0 7.4 3.4 14.3 9.2 18.9 30.6 23.9 40.7 32.4 173.4 128.7 16.8 12.2 50.2 41.8 73.4 41.4z\"><\/path><\/svg>            <\/div>\n            <h6 class=\"contact-info_title\">E-Mail<\/h6>\n            <p class=\"contact-info_text\">efclass14@gmail.com<\/p>\n            <p class=\"contact-info_text\">info@efclassoto.com<\/p>\n        <\/div>\n        \n        \t\t\t\t<\/div>\n\t\t\t\t<\/div>\n\t\t\t\t<\/div>\n\t\t\t\t\t<\/div>\n\t\t\t\t<\/div>\n\t\t<div class=\"elementor-element elementor-element-f26a5e8 e-flex e-con-boxed e-con e-parent\" data-id=\"f26a5e8\" data-element_type=\"container\">\n\t\t\t\t\t<div class=\"e-con-inner\">\n\t\t\t\t<div class=\"elementor-element elementor-element-59244cc elementor-widget elementor-widget-google_maps\" data-id=\"59244cc\" data-element_type=\"widget\" data-widget_type=\"google_maps.default\">\n\t\t\t\t\t\t\t<div class=\"elementor-custom-embed\">\n\t\t\t<iframe loading=\"lazy\"\n\t\t\t\t\tsrc=\"https:\/\/maps.google.com\/maps?q=Bah%C3%A7elievler%20mahallesi%2C%20sanayi%20sitesi%2C%20Gerede%2C%20Bolu&#038;t=m&#038;z=10&#038;output=embed&#038;iwloc=near\"\n\t\t\t\t\ttitle=\"Bah\u00e7elievler mahallesi, sanayi sitesi, Gerede, Bolu\"\n\t\t\t\t\taria-label=\"Bah\u00e7elievler mahallesi, sanayi sitesi, Gerede, Bolu\"\n\t\t\t><\/iframe>\n\t\t<\/div>\n\t\t\t\t\t\t<\/div>\n\t\t\t\t\t<\/div>\n\t\t\t\t<\/div>\n\t\t<div class=\"elementor-element elementor-element-0a8baaa e-flex e-con-boxed e-con e-parent\" data-id=\"0a8baaa\" data-element_type=\"container\">\n\t\t\t\t\t<div class=\"e-con-inner\">\n\t\t<div class=\"elementor-element elementor-element-2d7cb22 e-con-full e-flex e-con e-child\" data-id=\"2d7cb22\" data-element_type=\"container\">\n\t\t\t\t<div class=\"elementor-element elementor-element-ab36bf7 elementor-widget elementor-widget-shortcode\" data-id=\"ab36bf7\" data-element_type=\"widget\" data-widget_type=\"shortcode.default\">\n\t\t\t\t\t\t\t<div class=\"elementor-shortcode\">\n<div class=\"wpcf7 no-js\" id=\"wpcf7-f1600-o1\" lang=\"en-US\" dir=\"ltr\" data-wpcf7-id=\"1600\">\n<div class=\"screen-reader-response\"><p role=\"status\" aria-live=\"polite\" aria-atomic=\"true\"><\/p> <ul><\/ul><\/div>\n<form action=\"\/index.php?rest_route=%2Fwp%2Fv2%2Fpages%2F24#wpcf7-f1600-o1\" method=\"post\" class=\"wpcf7-form init\" aria-label=\"Contact form\" novalidate=\"novalidate\" data-status=\"init\">\n<fieldset class=\"hidden-fields-container\"><input type=\"hidden\" name=\"_wpcf7\" value=\"1600\" \/><input type=\"hidden\" name=\"_wpcf7_version\" value=\"6.1.2\" \/><input type=\"hidden\" name=\"_wpcf7_locale\" value=\"en_US\" \/><input type=\"hidden\" name=\"_wpcf7_unit_tag\" value=\"wpcf7-f1600-o1\" \/><input type=\"hidden\" name=\"_wpcf7_container_post\" value=\"0\" \/><input type=\"hidden\" name=\"_wpcf7_posted_data_hash\" value=\"\" \/>\n<\/fieldset>\n<div class=\"contact-form-wrap p-0\">\n    <div class=\"title-area\">\n        <span class=\"sub-title\">\u0130leti\u015fim Formu\n        <\/span>\n        <h2 class=\"sec-title\">A\u015fa\u011f\u0131daki formu doldurarak bize ula\u015fabilirsiniz.<\/h2>\n    <\/div>\n    <div class=\"appointment-form ajax-contact\">\n        <div class=\"row\">\n            <div class=\"col-md-6\">\n                <div class=\"form-group\">\n                    <input type=\"text\" class=\"form-control\" name=\"name\" id=\"name\" placeholder=\"Ad\u0131n\u0131z\">\n                <\/div>\n            <\/div>\n            <div class=\"col-md-6\">\n                <div class=\"form-group\">\n                    <input type=\"text\" class=\"form-control\" name=\"email\" id=\"email\" placeholder=\"E-Mail Adresiniz\">\n                <\/div>\n            <\/div>\n            <div class=\"col-md-6\">\n                <div class=\"form-group\">\n                    <input type=\"text\" class=\"form-control\" name=\"number\" id=\"number\" placeholder=\"Telefon\">\n                <\/div>\n            <\/div>\n            <div class=\"col-md-6\">\n                <div class=\"form-group\">\n                    <select name=\"subject\" id=\"subject\" class=\"form-select\">\n                        <option value=\"\" disabled=\"\" selected=\"\" hidden=\"\">Se\u00e7iniz<\/option>\n                        <option value=\"Construction\">Dan\u0131\u015fmanl\u0131k<\/option>\n                        <option value=\"Real Estate\">Yerinde Destek<\/option>\n                        <option value=\"Industry\">Randevu<\/option>\n                    <\/select>\n                <\/div>\n            <\/div>\n        <\/div>\n        <div class=\"form-group col-12\">\n            <textarea placeholder=\"Mesaj\u0131n\u0131z..\" id=\"contactForm\" class=\"form-control\"><\/textarea>\n        <\/div>\n\n        <div class=\"form-btn col-12\">\n            <button class=\"btn style2\">G\u00f6nder<i class=\"fas fa-arrow-right ms-2\"><\/i><\/button>\n        <\/div>\n    <\/div>\n<\/div><div class=\"wpcf7-response-output\" aria-hidden=\"true\"><\/div>\n<\/form>\n<\/div>\n<\/div>\n\t\t\t\t\t\t<\/div>\n\t\t\t\t<\/div>\n\t\t<div class=\"elementor-element elementor-element-e704dff e-con-full e-flex e-con e-child\" data-id=\"e704dff\" data-element_type=\"container\">\n\t\t\t\t<div class=\"elementor-element elementor-element-08f26e9 faq-thumb2 elementor-widget elementor-widget-image\" data-id=\"08f26e9\" data-element_type=\"widget\" data-widget_type=\"image.default\">\n\t\t\t\t\t\t\t\t\t\t\t\t\t\t\t<img fetchpriority=\"high\" decoding=\"async\" width=\"515\" height=\"516\" src=\"https:\/\/efclassoto.com\/wp-content\/uploads\/2025\/10\/contact.png\" class=\"attachment-large size-large wp-image-2284\" alt=\"\" srcset=\"https:\/\/efclassoto.com\/wp-content\/uploads\/2025\/10\/contact.png 515w, https:\/\/efclassoto.com\/wp-content\/uploads\/2025\/10\/contact-300x300.png 300w, https:\/\/efclassoto.com\/wp-content\/uploads\/2025\/10\/contact-150x150.png 150w\" sizes=\"(max-width: 515px) 100vw, 515px\" \/>\t\t\t\t\t\t\t\t\t\t\t\t\t\t\t<\/div>\n\t\t\t\t<div class=\"elementor-element elementor-element-47cd015 elementor-widget__width-auto elementor-absolute top_image_bounce elementor-widget elementor-widget-image\" data-id=\"47cd015\" data-element_type=\"widget\" data-settings=\"{&quot;_position&quot;:&quot;absolute&quot;}\" data-widget_type=\"image.default\">\n\t\t\t\t\t\t\t\t\t\t\t\t\t\t\t<img decoding=\"async\" width=\"258\" height=\"108\" src=\"https:\/\/efclassoto.com\/wp-content\/uploads\/2024\/03\/Screenshot_5-1.png\" class=\"attachment-large size-large wp-image-1087\" alt=\"\" \/>\t\t\t\t\t\t\t\t\t\t\t\t\t\t\t<\/div>\n\t\t\t\t<\/div>\n\t\t\t\t\t<\/div>\n\t\t\t\t<\/div>\n\t\t\t\t<\/div>\n\t\t","protected":false},"excerpt":{"rendered":"<p>Adres Bah\u00e7elievler Mah. Sanayi Sitesi No : 11\/2 Gerede \/ Bolu Telefon (+90) 543 919 67 36 (+90) 543 919 67 36 \u00c7al\u0131\u015fma Saatleri 08:00 &#8211; 22:00 Aras\u0131 7\/24 Yol Yard\u0131m\u0131 E-Mail efclass14@gmail.com info@efclassoto.com<\/p>\n","protected":false},"author":1,"featured_media":0,"parent":0,"menu_order":0,"comment_status":"closed","ping_status":"closed","template":"","meta":{"footnotes":""},"class_list":["post-24","page","type-page","status-publish","hentry"],"_links":{"self":[{"href":"https:\/\/efclassoto.com\/index.php?rest_route=\/wp\/v2\/pages\/24","targetHints":{"allow":["GET"]}}],"collection":[{"href":"https:\/\/efclassoto.com\/index.php?rest_route=\/wp\/v2\/pages"}],"about":[{"href":"https:\/\/efclassoto.com\/index.php?rest_route=\/wp\/v2\/types\/page"}],"author":[{"embeddable":true,"href":"https:\/\/efclassoto.com\/index.php?rest_route=\/wp\/v2\/users\/1"}],"replies":[{"embeddable":true,"href":"https:\/\/efclassoto.com\/index.php?rest_route=%2Fwp%2Fv2%2Fcomments&post=24"}],"version-history":[{"count":14,"href":"https:\/\/efclassoto.com\/index.php?rest_route=\/wp\/v2\/pages\/24\/revisions"}],"predecessor-version":[{"id":2291,"href":"https:\/\/efclassoto.com\/index.php?rest_route=\/wp\/v2\/pages\/24\/revisions\/2291"}],"wp:attachment":[{"href":"https:\/\/efclassoto.com\/index.php?rest_route=%2Fwp%2Fv2%2Fmedia&parent=24"}],"curies":[{"name":"wp","href":"https:\/\/api.w.org\/{rel}","templated":true}]}}